{"id":2012,"date":"2019-03-15T10:55:15","date_gmt":"2019-03-15T07:55:15","guid":{"rendered":"http:\/\/hukukdergi.erzincan.edu.tr\/?page_id=2012"},"modified":"2021-11-17T12:50:18","modified_gmt":"2021-11-17T09:50:18","slug":"editorler-3","status":"publish","type":"page","link":"https:\/\/hukukdergi.ebyu.edu.tr\/?page_id=2012","title":{"rendered":"Edit\u00f6r Kurulu"},"content":{"rendered":"<div class=\"j_board\">\n<div class=\"j_board_desc\">\n<h4 style=\"text-align: center;\"><b>Edit\u00f6rler<\/b><\/h4>\n<ul>\n<li>Prof. Dr. Ayhan D\u00d6NER (Erzincan Binali Y\u0131ld\u0131r\u0131m \u00dcniversitesi Hukuk Fak\u00fcltesi, Anayasa Hukuk Anabilim Dal\u0131 \u00d6\u011fretim \u00dcyesi, Erzincan, T\u00fcrkiye)<\/li>\n<li>Dr. \u00d6\u011fr. \u00dcyesi Ahmet NAR (Erzincan Binali Y\u0131ld\u0131r\u0131m \u00dcniversitesi Hukuk Fak\u00fcltesi, Medeni Hukuk Anabilim Dal\u0131 \u00d6\u011fretim \u00dcyesi, Erzincan, T\u00fcrkiye)<\/li>\n<li>Dr. \u00d6\u011fr. \u00dcyesi \u0130smail K\u00d6K\u00dcSARI (Erzincan Binali Y\u0131ld\u0131r\u0131m \u00dcniversitesi Hukuk Fak\u00fcltesi, Anayasa Hukuku Anabilim Dal\u0131 \u00d6\u011fretim \u00dcyesi, Erzincan, T\u00fcrkiye)<br \/>\n<hr \/>\n<\/li>\n<\/ul>\n<h4 style=\"text-align: center;\"><b>Edit\u00f6r Yard\u0131mc\u0131lar\u0131<\/b><\/h4>\n<ul>\n<li>Dr. \u00d6\u011fr. \u00dcyesi Ercan YA\u015eAR (Erzincan Binali Y\u0131ld\u0131r\u0131m \u00dcniversitesi Hukuk Fak\u00fcltesi, Ceza ve Ceza Muhakemesi Hukuku Anabilim Dal\u0131 \u00d6\u011fretim \u00dcyesi, Erzincan, T\u00fcrkiye)<\/li>\n<li>Ar\u015f. G\u00f6r. Og\u00fcn USTA (Erzincan Binali Y\u0131ld\u0131r\u0131m \u00dcniversitesi Hukuk Fak\u00fcltesi, Genel Kamu Hukuku Anabilim Dal\u0131 Ara\u015ft\u0131rma G\u00f6revlisi, Erzincan, T\u00fcrkiye)<\/li>\n<li>Ar\u015f. G\u00f6r. Ahmet T\u00f6resin ODLUYURT (Erzincan Binali Y\u0131ld\u0131r\u0131m \u00dcniversitesi Hukuk Fak\u00fcltesi, \u0130dare Hukuku Anabilim Dal\u0131 Ara\u015ft\u0131rma G\u00f6revlisi, Erzincan, T\u00fcrkiye)<\/li>\n<li>Ar\u015f. G\u00f6r. Elif \u00d6ZDEM\u0130R (Erzincan Binali Y\u0131ld\u0131r\u0131m \u00dcniversitesi Hukuk Fak\u00fcltesi, Hukuk Tarihi Anabilim Dal\u0131 Ara\u015ft\u0131rma G\u00f6revlisi, Erzincan, T\u00fcrkiye)<\/li>\n<li>Ar\u015f. G\u00f6r. Ensar ERCAN (Erzincan Binali Y\u0131ld\u0131r\u0131m \u00dcniversitesi Hukuk Fak\u00fcltesi, Ticaret Hukuku Anabilim Dal\u0131 Ara\u015ft\u0131rma G\u00f6revlisi, Erzincan, T\u00fcrkiye)<br \/>\n<hr \/>\n<\/li>\n<\/ul>\n<\/div>\n<\/div>\n<div class=\"j_board\">\n<h3 class=\"kt-blog-post__title kt-heading kt-heading--md kt-heading--medium dergipark\" style=\"text-align: center;\">Yay\u0131n Kurulu<\/h3>\n<div class=\"j_board_desc\">\n<ul>\n<li>Prof. Dr. Ayhan D\u00d6NER (Erzincan Binali Y\u0131ld\u0131r\u0131m \u00dcniversitesi Hukuk Fak\u00fcltesi, Anayasa Hukuk Anabilim Dal\u0131 \u00d6\u011fretim \u00dcyesi, Erzincan, T\u00fcrkiye)<\/li>\n<li>Prof. Dr. Cem BAYGIN (Erzincan Binali Y\u0131ld\u0131r\u0131m \u00dcniversitesi Hukuk Fak\u00fcltesi, Medeni Hukuk Anabilim Dal\u0131 \u00d6\u011fretim \u00dcyesi, Erzincan, T\u00fcrkiye)<\/li>\n<li>Prof. Dr. \u0130brahim \u00d6ZBAY (Tokat Gaziosmanpa\u015fa \u00dcniversitesi Hukuk Fak\u00fcltesi, Medeni Usul ve \u0130cra \u0130flas Hukuku Anabilim Dal\u0131 \u00d6\u011fretim \u00dcyesi, Tokat, T\u00fcrkiye)<\/li>\n<li>Prof. Dr. \u015eafak NARBAY (Sakarya \u00dcniversitesi Hukuk Fak\u00fcltesi, Ticaret Hukuku Anabilim Dal\u0131 \u00d6\u011fretim \u00dcyesi, Sakarya, T\u00fcrkiye)<\/li>\n<li>Do\u00e7. Dr. Z\u00fclk\u00fcf AYRANG\u00d6L (Erzincan Binali Y\u0131ld\u0131r\u0131m \u00dcniversitesi Hukuk Fak\u00fcltesi, Mali Hukuk Anabilim Dal\u0131 \u00d6\u011fretim \u00dcyesi, Erzincan, T\u00fcrkiye)<\/li>\n<li>Dr. \u00d6\u011fr. \u00dcyesi Fatih AYDEM\u0130R, (Erzincan Binali Y\u0131ld\u0131r\u0131m \u00dcniversitesi Hukuk Fak\u00fcltesi, Medeni Usul ve \u0130cra \u0130flas Hukuku Anabilim Dal\u0131 \u00d6\u011fretim \u00dcyesi, Erzincan, T\u00fcrkiye)<br \/>\n<hr \/>\n<\/li>\n<\/ul>\n<\/div>\n<\/div>\n<div class=\"j_board\">\n<h3 class=\"kt-blog-post__title kt-heading kt-heading--md kt-heading--medium dergipark\" style=\"text-align: center;\">Dan\u0131\u015fma Kurulu<\/h3>\n<div class=\"j_board_desc\">\n<ul>\n<li>Prof. Dr. Nihat BULUT (\u0130stanbul Medipol \u00dcniversitesi Hukuk Fak\u00fcltesi, Genel Kamu Hukuku Anabilim Dal\u0131 \u00d6\u011fretim \u00dcyesi, \u0130stanbul, T\u00fcrkiye)<\/li>\n<li>Prof. Dr. Murat DO\u011eAN (Erciyes \u00dcniversitesi Hukuk Fak\u00fcltesi, Medeni Hukuk Anabilim Anabilim Dal\u0131 \u00d6\u011fretim \u00dcyesi, Kayseri, T\u00fcrkiye)<\/li>\n<li>Prof. Dr. Ramazan \u00c7A\u011eLAYAN (Ankara Hac\u0131 Bayram Veli \u00dcniversitesi Hukuk Fak\u00fcltesi, \u0130dare Hukuku Anabilim Dal\u0131 \u00d6\u011fretim \u00dcyesi, Ankara, T\u00fcrkiye)<\/li>\n<li>Prof. Dr. Ali Cem BUDAK (\u0130stanbul Ticaret \u00dcniversitesi Hukuk Fak\u00fcltesi, Medeni Usul ve \u0130cra \u0130flas Hukuku Anabilim Dal\u0131 \u00d6\u011fretim \u00dcyesi, \u0130stanbul, T\u00fcrkiye)<\/li>\n<li>Prof. Dr. Abuzer KEND\u0130GELEN (\u0130stanbul \u00dcniversitesi Hukuk Fak\u00fcltesi, Ticaret Hukuku Anabilim Dal\u0131 \u00d6\u011fretim \u00dcyesi, \u0130stanbul, T\u00fcrkiye)<\/li>\n<li>Prof. Dr. Fatih U\u015eAN (Ankara Y\u0131ld\u0131r\u0131m Beyaz\u0131t \u00dcniversitesi Hukuk Fak\u00fcltesi, \u0130\u015f ve Sosyal G\u00fcvenlik Hukuku Anabilim Dal\u0131 \u00d6\u011fretim \u00dcyesi, Ankara, T\u00fcrkiye)<\/li>\n<li>Prof. Dr. \u0130lhan \u00dcZ\u00dcLMEZ (Ankara Hac\u0131 Bayram Veli \u00dcniversitesi Hukuk Fak\u00fcltesi, Ceza ve Ceza Muhakemesi Hukuku Anabilim Dal\u0131 \u00d6\u011fretim \u00dcyesi, Ankara, T\u00fcrkiye)<\/li>\n<li>Prof. Dr. Melik\u015fah YAS\u0130N (\u0130stanbul \u00dcniversitesi Hukuk Fak\u00fcltesi, \u0130dare Hukuku Anabilim Dal\u0131 \u00d6\u011fretim \u00dcyesi, \u0130stanbul, T\u00fcrkiye)<\/li>\n<li>Prof. Dr. Vahit DO\u011eAN (\u0130stanbul Ayd\u0131n \u00dcniversitesi Hukuk Fak\u00fcltesi, Milletleraras\u0131 \u00d6zel Hukuk Anabilim Dal\u0131 \u00d6\u011fretim \u00dcyesi, \u0130stanbul, T\u00fcrkiye)<\/li>\n<\/ul>\n<\/div>\n<\/div>\n","protected":false},"excerpt":{"rendered":"<p>Edit\u00f6rler Prof. Dr. Ayhan D\u00d6NER (Erzincan Binali Y\u0131ld\u0131r\u0131m \u00dcniversitesi Hukuk Fak\u00fcltesi, Anayasa Hukuk Anabilim Dal\u0131 \u00d6\u011fretim \u00dcyesi, Erzincan, T\u00fcrkiye) Dr. \u00d6\u011fr. \u00dcyesi Ahmet NAR (Erzincan Binali Y\u0131ld\u0131r\u0131m \u00dcniversitesi Hukuk Fak\u00fcltesi, Medeni Hukuk Anabilim Dal\u0131 \u00d6\u011fretim \u00dcyesi, Erzincan, T\u00fcrkiye) Dr. \u00d6\u011fr. \u00dcyesi \u0130smail K\u00d6K\u00dcSARI (Erzincan Binali Y\u0131ld\u0131r\u0131m \u00dcniversitesi Hukuk Fak\u00fcltesi, Anayasa Hukuku Anabilim Dal\u0131 \u00d6\u011fretim \u00dcyesi,\u2026 <span class=\"read-more\"><a href=\"https:\/\/hukukdergi.ebyu.edu.tr\/?page_id=2012\">Read More &raquo;<\/a><\/span><\/p>\n","protected":false},"author":5,"featured_media":0,"parent":0,"menu_order":0,"comment_status":"closed","ping_status":"closed","template":"","meta":{"footnotes":""},"class_list":["post-2012","page","type-page","status-publish","hentry"],"_links":{"self":[{"href":"https:\/\/hukukdergi.ebyu.edu.tr\/index.php?rest_route=\/wp\/v2\/pages\/2012","targetHints":{"allow":["GET"]}}],"collection":[{"href":"https:\/\/hukukdergi.ebyu.edu.tr\/index.php?rest_route=\/wp\/v2\/pages"}],"about":[{"href":"https:\/\/hukukdergi.ebyu.edu.tr\/index.php?rest_route=\/wp\/v2\/types\/page"}],"author":[{"embeddable":true,"href":"https:\/\/hukukdergi.ebyu.edu.tr\/index.php?rest_route=\/wp\/v2\/users\/5"}],"replies":[{"embeddable":true,"href":"https:\/\/hukukdergi.ebyu.edu.tr\/index.php?rest_route=%2Fwp%2Fv2%2Fcomments&post=2012"}],"version-history":[{"count":22,"href":"https:\/\/hukukdergi.ebyu.edu.tr\/index.php?rest_route=\/wp\/v2\/pages\/2012\/revisions"}],"predecessor-version":[{"id":3027,"href":"https:\/\/hukukdergi.ebyu.edu.tr\/index.php?rest_route=\/wp\/v2\/pages\/2012\/revisions\/3027"}],"wp:attachment":[{"href":"https:\/\/hukukdergi.ebyu.edu.tr\/index.php?rest_route=%2Fwp%2Fv2%2Fmedia&parent=2012"}],"curies":[{"name":"wp","href":"https:\/\/api.w.org\/{rel}","templated":true}]}}