{"id":2831,"date":"2021-06-15T15:16:18","date_gmt":"2021-06-15T12:16:18","guid":{"rendered":"https:\/\/hukukdergi.ebyu.edu.tr\/?page_id=2831"},"modified":"2022-12-24T23:26:52","modified_gmt":"2022-12-24T20:26:52","slug":"acik-erisim-ilkesi","status":"publish","type":"page","link":"https:\/\/hukukdergi.ebyu.edu.tr\/?page_id=2831","title":{"rendered":"A\u00e7\u0131k Eri\u015fim \u0130lkesi"},"content":{"rendered":"<h1 class=\"kt-blog-post__title kt-heading kt-heading--lg kt-heading--medium\" style=\"text-align: center;\">A\u00e7\u0131k Eri\u015fim \u0130lkesi<\/h1>\n<p>Erzincan Binali Y\u0131ld\u0131r\u0131m \u00dcniversitesi Hukuk Fak\u00fcltesi Dergisi (EBY\u00dc-HFD), t\u00fcm i\u00e7eri\u011fi okura ya da okurun dahil oldu\u011fu kuruma \u00fccretsiz olarak sunulur. Okurlar, ticari ama\u00e7 haricinde, yay\u0131nc\u0131 ya da yazardan izin almadan dergi makalelerinin tam metnini okuyabilir, indirebilir, kopyalayabilir, arayabilir ve link sa\u011flayabilir.<\/p>\n<hr \/>\n<h1 class=\"kt-blog-post__title kt-heading kt-heading--lg kt-heading--medium\" style=\"text-align: center;\">Open Access Policy<\/h1>\n<div class=\"kt-blog-post__content\">\n<p class=\"p\">Erzincan Law Review is an open access journal which means that all content is freely available without charge to the user or his\/her institution. Except for commercial purposes, users are allowed to read, download, copy, print, search, or link to the full texts of the articles in this journal without asking prior permission from the publisher or the author.<\/p>\n<\/div>\n","protected":false},"excerpt":{"rendered":"<p>A\u00e7\u0131k Eri\u015fim \u0130lkesi Erzincan Binali Y\u0131ld\u0131r\u0131m \u00dcniversitesi Hukuk Fak\u00fcltesi Dergisi (EBY\u00dc-HFD), t\u00fcm i\u00e7eri\u011fi okura ya da okurun dahil oldu\u011fu kuruma \u00fccretsiz olarak sunulur. Okurlar, ticari ama\u00e7 haricinde, yay\u0131nc\u0131 ya da yazardan izin almadan dergi makalelerinin tam metnini okuyabilir, indirebilir, kopyalayabilir, arayabilir ve link sa\u011flayabilir. Open Access Policy Erzincan Law Review is an open access journal\u2026 <span class=\"read-more\"><a href=\"https:\/\/hukukdergi.ebyu.edu.tr\/?page_id=2831\">Read More &raquo;<\/a><\/span><\/p>\n","protected":false},"author":7,"featured_media":0,"parent":0,"menu_order":0,"comment_status":"closed","ping_status":"closed","template":"","meta":{"footnotes":""},"class_list":["post-2831","page","type-page","status-publish","hentry"],"_links":{"self":[{"href":"https:\/\/hukukdergi.ebyu.edu.tr\/index.php?rest_route=\/wp\/v2\/pages\/2831","targetHints":{"allow":["GET"]}}],"collection":[{"href":"https:\/\/hukukdergi.ebyu.edu.tr\/index.php?rest_route=\/wp\/v2\/pages"}],"about":[{"href":"https:\/\/hukukdergi.ebyu.edu.tr\/index.php?rest_route=\/wp\/v2\/types\/page"}],"author":[{"embeddable":true,"href":"https:\/\/hukukdergi.ebyu.edu.tr\/index.php?rest_route=\/wp\/v2\/users\/7"}],"replies":[{"embeddable":true,"href":"https:\/\/hukukdergi.ebyu.edu.tr\/index.php?rest_route=%2Fwp%2Fv2%2Fcomments&post=2831"}],"version-history":[{"count":5,"href":"https:\/\/hukukdergi.ebyu.edu.tr\/index.php?rest_route=\/wp\/v2\/pages\/2831\/revisions"}],"predecessor-version":[{"id":3151,"href":"https:\/\/hukukdergi.ebyu.edu.tr\/index.php?rest_route=\/wp\/v2\/pages\/2831\/revisions\/3151"}],"wp:attachment":[{"href":"https:\/\/hukukdergi.ebyu.edu.tr\/index.php?rest_route=%2Fwp%2Fv2%2Fmedia&parent=2831"}],"curies":[{"name":"wp","href":"https:\/\/api.w.org\/{rel}","templated":true}]}}